ase 3.
-1122
Convert 3 (base 6) to base 3.
10
Convert 1425 (base 6) to base 3.
111222
-11001000 (base 2) to base 4
-3020
3 (base 14) to base 12
3
What is -43 (base 5) in base 4?
-113
Convert -3 (base 11) to base 7.
-3
97 (base 15) to base 8
216
What is -11 (base 4) in base 16?
-5
What is -2 (base 8) in base 14?
-2
Convert -8 (base 10) to base 16.
-8
24 (base 8) to base 4
110
What is 0 (base 2) in base 13?
0
What is 0 (base 13) in base 16?
0
Convert 101 (base 5) to base 3.
222
Convert -11 (base 3) to base 6.
-4
17 (base 8) to base 9
16
Convert -101 (base 12) to base 16.
-91
What is -16 (base 15) in base 6?
-33
Convert 2 (base 9) to base 7.
2
What is 4 (base 14) in base 12?
4
Convert -1e (base 16) to base 8.
-36
Convert 2 (base 16) to base 12.
2
What is -1 (base 12) in base 2?
-1
22 (base 11) to base 8
30
1 (base 10) to base 9
1
-130 (base 4) to base 16
-1c
What is 9 (base 16) in base 7?
12
What is -3 (base 16) in base 12?
-3
What is -22 (base 4) in base 10?
-10
-134 (base 5) to base 13
-35
Convert -2202 (base 4) to base 16.
-a2
0 (base 14) to base 7
0
Convert -2 (base 11) to base 7.
-2
Convert 3 (base 10) to base 14.
3
What is 22 (base 9) in base 4?
110
a (base 15) to base 16
a
0 (base 4) to base 2
0
What is 21 (base 9) in base 15?
14
What is 3 (base 12) in base 5?
3
Convert 27 (base 16) to base 12.
33
Convert -1 (base 9) to base 8.
-1
What is 1 (base 8) in base 15?
1
1112 (base 3) to base 16
29
What is -105 (base 7) in base 9?
-60
What is b (base 14) in base 12?
b
-10 (base 2) to base 13
-2
-4 (base 9) to base 7
-4
What is 211 (base 6) in base 5?
304
Convert -1112 (base 3) to base 15.
-2b
What is -6 (base 15) in base 5?
-11
-120 (base 4) to base 7
-33
What is -1a (base 12) in base 10?
-22
Convert 3 (base 4) to base 13.
3
Convert 7 (base 16) to base 9.
7
What is 7 (base 9) in base 3?
21
0 (base 2) to base 3
0
1 (base 7) to base 6
1
Convert 7 (base 10) to base 7.
10
58 (base 11) to base 7
120
What is -1 (base 16) in base 6?
-1
What is -55 (base 6) in base 13?
-29
Convert -34 (base 14) to base 7.
-64
What is 0 (base 15) in base 8?
0
What is -10100 (base 2) in base 13?
-17
What is 4 (base 10) in base 11?
4
Convert -101 (base 2) to base 4.
-11
Convert -86 (base 9) to base 16.
-4e
Convert 50 (base 7) to base 14.
27
What is -13 (base 16) in base 2?
-10011
Convert -10 (base 4) to base 3.
-11
Convert -24 (base 10) to base 3.
-220
Convert -2 (base 16) to base 9.
-2
What is 7 (base 15) in base 4?
13
What is -2 (base 9) in base 5?
-2
Convert -6 (base 11) to base 2.
-110
Convert -1 (base 15) to base 3.
-1
Convert 8 (base 12) to base 5.
13
What is -3 (base 10) in base 14?
-3
What is 52 (base 12) in base 8?
76
What is -2 (base 3) in base 4?
-2
What is -12 (base 8) in base 16?
-a
Convert -3 (base 14) to base 11.
-3
Convert 112 (base 10) to base 2.
1110000
Convert 1a (base 11) to base 7.
30
Convert 222 (base 3) to base 11.
24
79 (base 15) to base 3
11020
1 (base 13) to base 14
1
-110 (base 3) to base 15
-c
Convert 17a (base 13) to base 11.
226
What is -132 (base 5) in base 7?
-60
What is 10 (base 14) in base 12?
12
Convert 2 (base 3) to base 15.
2
What is 2 (base 15) in base 11?
2
5 (base 8) to base 3
12
Convert -21 (base 11) to base 5.
-43
What is -62 (base 9) in base 14?
-40
What is 75 (base 11) in base 15?
57
What is 433 (base 5) in base 7?
226
Convert -1 (base 16) to base 11.
-1
What is -1033 (base 4) in base 16?
-4f
Convert 0 (base 13) to base 16.
0
-1222 (base 3) to base 15
-38
What is 33 (base 6) in base 13?
18
Convert -29 (base 12) to base 16.
-21
What is -27 (base 10) in base 7?
-36
8 (base 16) to base 13
8
Convert -8 (base 15) to base 11.
-8
What is -4 (base 14) in base 3?
-11
What is -1210 (base 3) in base 13?
-39
-6a (base 12) to base 11
-75
Convert -44 (base 11) to base 4.
-300
50 (base 6) to base 8
36
Convert 100 (base 6) to base 5.
121
What is 101100000 (base 2) in base 3?
111001
95 (base 12) to base 2
1110001
0 (base 9) to base 4
0
-1021 (base 5) to base 6
-344
What is -21 (base 6) in base 12?
-11
636 (base 8) to base 10
414
187 (base 12) to base 15
117
What is d7 (base 15) in base 5?
1302
-461 (base 7) to base 14
-131
6 (base 11) to base 15
6
b (base 12) to base 7
14
Convert 52 (base 8) to base 10.
42
-11 (base 15) to base 11
-15
Convert 126 (base 11) to base 10.
149
Convert 130 (base 15) to base 4.
10032
What is 6 (base 10) in base 15?
6
1a (base 16) to base 7
35
Convert 3e (base 15) to base 12.
4b
-4 (base 7) to base 8
-4
Convert 2 (base 4) to base 13.
2
-7 (base 10) to base 2
-111
What is 22 (base 11) in base 6?
40
Convert 2202 (base 3) to base 11.
68
-3 (base 14) to base 3
-10
What is 3b (base 12) in base 8?
57
a (base 12) to base 4
22
What is -39 (base 10) in base 13?
-30
Convert -3 (base 12) to base 6.
-3
Convert -445 (base 6) to base 8.
-255
Convert 2 (base 5) to base 2.
10
Convert -3 (base 4) to base 9.
-3
Convert -4 (base 13) to base 3.
-11
Convert -132 (base 8) to base 14.
-66
What is -2 (base 15) in base 5?
-2
Convert 4 (base 14) to base 12.
4
3 (base 8) to base 9
3
What is 3 (base 12) in base 7?
3
What is 1 (base 15) in base 2?
1
-31 (base 8) to base 6
-41
Convert 1012 (base 3) to base 16.
20
Convert c (base 15) to base 16.
c
-4 (base 15) to base 13
-4
-15 (base 14) to base 16
-13
-3 (base 6) to base 16
-3
What is -1231 (base 5) in base 6?
-515
6 (base 10) to base 12
6
What is 9 (base 11) in base 6?
13
Convert 11 (base 9) to base 13.
a
Convert 3 (base 10) to base 3.
10
What is bb (base 14) in base 6?
433
Convert -64 (base 12) to base 6.
-204
What is -277 (base 9) in base 3?
-22121
Convert 0 (base 11) to base 2.
0
-1 (base 8) to base 11
-1
-25 (base 7) to base 14
-15
-38 (base 14) to base 7
-101
2 (base 4) to base 10
2
Convert -11 (base 11) to base 3.
-110
Convert 16 (base 9) to base 6.
23
-2022 (base 3) to base 15
-42
Convert 2 (base 7) to base 12.
2
What is -13 (base 4) in base 3?
-21
1 (base 14) to base 9
1
What is 3 (base 11) in base 13?
3
What is -15 (base 15) in base 4?
-110
2 (base 13) to base 7
2
100 (base 2) to base 12
4
7 (base 12) to base 10
7
Convert 1 (base 15) to base 11.
1
Convert 2222 (base 4) to base 7.
332
-8a (base 13) to base 3
-11020
What is -77 (base 8) in base 13?
-4b
9 (base 12) to base 16
9
-1 (base 4) to base 2
-1
Convert -12 (base 4) to base 13.
-6
-13 (base 13) to base 5
-31
313 (base 4) to base 8
67
What is 7 (base 9) in base 6?
11
What is -5a (base 14) in base 2?
-1010000
0 (base 11) to base 8
0
-1 (base 5) to base 13
-1
What is 5 (base 6) in base 10?
5
Convert -202 (base 7) to base 8.
-144
16 (base 8) to base 5
24
Convert -9 (base 11) to base 16.
-9
Convert 4 (base 7) to base 13.
4
What is -1000 (base 2) in base 11?
-8
Convert 4 (base 7) to base 14.
4
Convert 7 (base 12) to base 14.
7
5 (base 7) to base 11
5
What is -410 (base 8) in base 5?
-2024
-13 (base 11) to base 4
-32
Convert 4 (base 8) to base 3.
11
34 (base 13) to base 4
223
What is 1221 (base 3) in base 2?
110100
What is -13 (base 14) in base 16?
-11
Convert 93 (base 15) to base 4.
2022
-100 (base 4) to base 15
-11
What is 1 (base 12) in base 4?
1
-402 (base 5) to base 14
-74
Convert -12 (base 12) to base 10.
-14
What is 8 (base 9) in base 12?
8
Convert 601 (base 7) to base 6.
1211
What is -1 (base 8) in base 5?
-1
What is -2221 (base 3) in base 16?
-4f
What is -20 (base 13) in base 14?
-1c
Convert -31 (base 4) to base 16.
-d
What is 41 (base 5) in base 11?
1a
Convert 74 (base 9) to base 11.
61
Convert -10 (base 6) to base 9.
-6
-11 (base 7) to base 12
-8
Convert -4 (base 10) to base 14.
-4
233 (base 4) to base 15
32
Convert -a (base 16) to base 13.
-a
Convert 63 (base 10) to base 12.
53
What is 113 (base 5) in base 4?
201
Convert 83 (base 12) to base 10.
99
What is -19 (base 13) in base 5?
-42
What is -124 (base 7) in base 15?
-47
Convert 16 (base 10) to base 16.
10
What is -2121 (base 3) in base 10?
-70
Convert 202 (base 3) to base 9.
22
-1425 (base 6) to base 10
-377
What is -14 (base 6) in base 2?
-1010
What is -10000101 (base 2) in base 7?
-250
233 (base 5) to base 10
68
Convert -10 (base 9) to base 11.
-9
What is 110 (base 2) in base 16?
6
Convert 20022 (base 3) to base 15.
b5
What is -51 (base 6) in base 14?
-23
Convert 24 (base 10) to base 11.
22
3 (base 6) to base 3
10
What is -3 (base 16) in base 11?
-3
What is 256 (base 8) in b